. Suppose 5*h = -5*m + 50, 1 + 9 = -3*m + 5*h. Suppose 2*i + 39 = 5*q + 5*i, -m*i - 15 = -5*q. Determine j(q).
-16
Let g be 1 - 2 - 0 - 1. Let y be (3 - 90/25)*-5. Let x(a) = -3 - a - 2*a + 4*a**2 - 6*a**2 + a**2 - a**y. Calculate x(g).
7
Let t be 40/6*24/(-10). Let u be 4/(-14) + t/(-7). Let x(y) be the third derivative of y**4/24 - y**3/3 - 4*y**2. Determine x(u).
0
Let z(s) be the second derivative of -s**3/3 + 5*s**2/2 + 264*s. What is z(4)?
-3
Suppose s = 5*s. Let q(w) = -2 + s - w + 0*w + 0. Let i be q(-2). Let j(b) = -b + 4. What is j(i)?
4
Let d = 12 - 17. Let p be 6*(-1 - 3)/(-8). Let m(o) = 6 - 63*o + 62*o - p. Determine m(d).
8
Let p(t) = -t**3 - 3*t**2 + 10*t + 8. Let c(r) = -r**3 - 4*r**2 + 8*r + 9. Let u(d) = 4*c(d) - 3*p(d). Calculate u(-7).
-2
Let g(l) be the first derivative of -l**4/4 + 2*l**3 + 3*l**2 + 6*l + 4. Let k(a) = 3*a**2 - 9*a + 13. Let v be k(2). What is g(v)?
-1
Let s be 150/400 - 43/8. Let r(m) = m**3 + 5*m**2 + 2*m + 15. Determine r(s).
5
Let x(s) = -3*s - 33. Let r be x(12). Let g = 67 + r. Let n(a) = -9*a. Determine n(g).
18
Let l(r) = 66 - 67 + 3*r**3 + 0*r**3. Give l(-2).
-25
Suppose 3*f + 19 = 31. Let t(k) = -k - 7*k + f*k. Determine t(2).
-8
Let v(y) = -y**3 + 21*y**2 - 19*y - 13. Let r be v(20). Let h(s) be the first derivative of -s**2/2 + s - 1. What is h(r)?
-6
Let x(u) = 3*u + 16. Let a be 0 + (1 - 4)*30/18. Calculate x(a).
1
Let j(r) = -r + 2. Let a(t) = 5*t - 14. Let p(y) = -a(y) - 4*j(y). Determine p(9).
-3
Let n(k) = k**2 - 4*k + 4. Let v(r) = -r**3 - 13*r**2 + 15*r + 8. Let y be v(-14). Let u(l) = 2*l**2 - 8*l + 9. Let j(x) = y*u(x) + 13*n(x). What is j(5)?
3
Let p = 75 + -77. Let w(q) = -2*q**3 - 3*q**2 - 1. Let a(l) = -3*l**3 - 4*l**2 + l - 1. Let f(d) = 3*a(d) - 4*w(d). Calculate f(p).
3
Let c(t) be the second derivative of 11/2*t**2 + 16*t + 1/20*t**5 + 5/6*t**4 + 0 + 11/6*t**3. Calculate c(-9).
-7
Let w(n) be the second derivative of 19*n + 7/2*n**2 + 1/2*n**4 + 0 - 1/2*n**3 - 1/20*n**5. Determine w(6).
-11
Let d(w) be the second derivative of -w**3/6 - w**2/2 - 2*w. Let l = -49 + 58. Suppose -2*z - l = -1. Calculate d(z).
3
Let j be (-2 - 0) + (-9)/((-63)/70). Let c(w) = -1 - j*w**2 + 5*w**3 - 7*w**3 + 6*w + w**3 + 4*w**2. Give c(-5).
-6
Let x(p) be the first derivative of -p**4/4 + 8*p**3/3 - 2*p**2 - 16*p + 403. Determine x(7).
5
Let x(l) = l + 7. Suppose -5*y + 4*n = -4, 0*n + n = -4*y - 1. Suppose y + 9 = -d. Let f = d - -4. Give x(f).
2
Let x be 11/2*((-3)/3 + -1). Let z(q) = q**2 + 11*q. Give z(x).
0
Let r = 88 + -103. Let c be (-52)/(-32) - r/40. Let v(j) = -j + 1. Determine v(c).
-1
Let v(o) = -30 - 24 + 55 + 2*o**3. Determine v(-1).
-1
Let b = -5 - -5. Let g(j) = j + 7. Let h(y) = -y - 8. Let v(n) = 5*g(n) + 4*h(n). What is v(b)?
3
Suppose -16 = -5*w + f, 0 = f - 3 + 4. Suppose -2*h = -j - j + 6, 5 = -j - w*h. Let o(d) = 14*d - 1. Calculate o(j).
13
Let l(v) be the third derivative of -1/60*v**5 + 0*v**4 - 9*v**2 + 1/6*v**3 + 0*v + 0. Determine l(-2).
-3
Suppose y = -0*y. Let s(g) = 13*g**3 - 3*g**2 + g - 1. Let v(z) = 17*z**3 - 4*z**2 + z. Let j(d) = -4*s(d) + 3*v(d). Calculate j(y).
4
Let o(v) = 4*v + 8. Let l be o(5). Suppose s + s - l = -4*b, -3*b = 9. Suppose -9*i = -5*i + s. Let t(p) = -p - 2. Determine t(i).
3
Suppose -843 + 831 = 2*j. Let r(d) = 2*d**2 + 5 - 3 + 1 + 8*d. Calculate r(j).
27
Suppose -3*a - a - 5*r = -41, 5*r - 9 = 4*a. Suppose -3*p = -5 - 4. Let m(k) = 0 - 3*k + 4*k**2 - k**p + k**2 - 5. What is m(a)?
-1
Let u(i) = -i**2 - 53*i - 278. Let m be u(-6). Suppose 3*t + 6 = 4*x - 3, t = -4*x + 13. Let c(v) = -6 - m*v + 7*v**2 - v**x - v + 0 - v. What is c(6)?
-6
Suppose -3*i + 3 = -9. Let v(n) = i*n + 0*n**3 - n**3 + 9 + 0*n**2 - 7 - n**2. What is v(-3)?
8
Let a = -2492 + 2487. Let c(s) = -s**3 - 3*s**2 + 5*s + 2. Give c(a).
27
Let n(c) = -c**2 + c - 3. Let s(l) = 4 - 3 - l - 5 + 3. Let k(f) = -n(f) + 6*s(f). Suppose 0 = -i - 3 + 10. Determine k(i).
-3
Let g(r) be the first derivative of -r**2/2 - 6*r + 3. Let w = 1133 + -1143. What is g(w)?
4
Let a = 1334 + -1332. Let x(k) = -k**3 + k**2 - 5. Determine x(a).
-9
Let m(f) = 2*f**2 + 7*f + 6. Let l(w) be the third derivative of -w**4/12 + 3*w**3 + 2*w**2. Let g be l(11). What is m(g)?
10
Let h(i) = -12*i - 17. Let j(l) = 4*l + 6. Let d(v) = 4*h(v) + 11*j(v). Let t = 28 - 30. Determine d(t).
6
Let z(d) be the third derivative of 0*d + 0*d**5 + 11*d**2 + 0*d**3 + 0*d**4 + 0 - 1/30*d**6. What is z(-1)?
4
Let i(c) = c**3 - 9*c**2 - 2*c - 1. Let x be 2346/255 - (-2)/(-10). Calculate i(x).
-19
Let i(p) = p**2 + 2*p + 3. Let s be i(-3). Suppose -5*g - 2*u + 48 = s, 3 = 3*u. Let w = g + -14. Let t(a) = a + 8. Determine t(w).
2
Let x(h) be the second derivative of -h**3/6 - h**2/2 + 69*h. Calculate x(-1).
0
Suppose 7 = b + 2. Let z(i) = -b*i + i + 2 + 6*i**2 - 2*i - 5*i**2. What is z(6)?
2
Let v = -247 - -245. Let y(h) = 4*h. Determine y(v).
-8
Let c(y) = y**2 + 6*y. Let r be (-6)/8 + (-153)/36*1. Determine c(r).
-5
Let v(z) = -z**3 + 10*z + 6*z + 17*z - 21*z + 11*z**2 - 17 + 15. Calculate v(12).
-2
Let w(g) = -7*g - 15. Let y(f) = -8*f - 18. Let q(t) = 7*w(t) - 6*y(t). Give q(5).
-2
Let q(r) = 15073*r - 2*r**3 - 1 + 11 + r**3 + 8*r**2 - 15075*r. Determine q(8).
-6
Let s(v) be the second derivative of -v**5/20 + 7*v**4/12 + v**3/6 - 3*v**2/2 + 2*v + 34. What is s(7)?
4
Let m(t) be the first derivative of -t**4/4 + 2*t**3 + t**2 + 3*t - 41. Calculate m(6).
15
Let c(g) be the second derivative of g**3/2 + 9*g**2/2 + 7*g - 22. Determine c(-3).
0
Let c(f) = f**2 - 4. Let m = -79 + 91. Suppose m = -10*o + 7*o. Calculate c(o).
12
Let f(r) = 4*r - 1. Let a be f(1). Let h(o) = -6*o + a*o + 0*o + 4*o - 10. Let t(l) = -l**3 - 2*l**2 - 2*l + 2. Let k be t(-2). Calculate h(k).
-4
Let a(v) be the second derivative of -5/2*v**2 + 0 - v + 1/20*v**5 - 1/2*v**3 + 1/4*v**4. What is a(-4)?
-9
Let h(t) = -2*t + 6 + 0*t - 13 + 4. Let x = -4 + 2. Determine h(x).
1
Let r(i) = i**2 + i. Let c = -5 - -5. Let w be r(c). Suppose -3*a + 5 - 2 = w. Let b(f) = 8*f**3 - f**2. Give b(a).
7
Let b(d) = -d**3 - 9*d**2 + 3*d + 5. Let j be 1*(-2 + (-42)/6). Calculate b(j).
-22
Let c = 403 - 405. Let j(h) = -2 + h**2 - 4*h**2 - 3*h - h**2. Give j(c).
-12
Let f(d) = -9*d**2 + 14*d + 5. Let w(k) = 5*k**2 - 8*k - 3. Let r(u) = -4*f(u) - 7*w(u). Let b = 0 - -2. Suppose 0*x - 6 = -b*x. Give r(x).
10
Let z be (4/6)/(3/(-18)). Let g(b) be the third derivative of -b**5/30 - 5*b**4/24 + 5*b**3/2 - 9*b**2. Let i(y) be the first derivative of g(y). What is i(z)?
11
Let r(c) = -c - 5. Suppose 0 = 3*k - 3*z + 21, 0 = -k + 7*z - 3*z - 7. Let m be r(k). Let f(v) = -v**3 + v**2 + 2*v. Determine f(m).
0
Suppose -42*g = -g + 369. Let d(m) = m**2 + 10*m + 13. Determine d(g).
4
Let j = -3 + 8. Let l(p) be the second derivative of p**3/6 - 7*p**2/2 + 65*p - 1. What is l(j)?
-2
Let q be (25/(-15))/((-2)/12). Suppose -2*w + 9 = -4*u - 17, q = -5*w - 5*u. Suppose 2*t + 2 = w*t. Let h(l) = 2*l - 3. Give h(t).
1
Let x(t) be the first derivative of -2*t**3/3 - t**2 - t + 105. Calculate x(-1).
-1
Let h(a) = -3 - a**3 + 3*a**2 + 4 + 0*a**2 + 0*a**2. What is h(3)?
1
Let y(v) = v + 2. Let b be -6 + (1*-6 - -3). Let t(a) = -a**2 - 8*a + 5. Let q be t(b). Let j = -1 + q. Calculate y(j).
-3
Let q(z) = z**2 + z. Let r(i) = 2*i**2 - 4*i + 10. Let n(a) = -3*q(a) + r(a). Suppose -l - 45 = -43, 3*l = 4*b + 30. Determine n(b).
-8
Let u(k) be the third derivative of 1/24*k**4 + 25*k**2 + 0*k + 5/6*k**3 + 0. What is u(-7)?
-2
Let d(y) = 12*y + 11 + y**3 + 9*y**2 + 0*y + 14*y - 15*y + 5*y. Determine d(-7).
-3
Let x(t) = t**2 - 1. Let y(v) = v**3 + 0*v**3 - 6*v - 7 - v - 6 - 4*v**2. Let g(o) = 3*x(o) - y(o). Let i be g(8). Let a(h) = -2*h + 1. Determine a(i).
-3
Let w(j) = -j**3 + 0*j**2 + 0 - 2*j - 3*j**2 - 1. Let r = 23 - 23. Suppose -a = -0*x - x - 8, r = -4*a + 20. Calculate w(x).
5
Let v(w) = 5 - 19*w + 21*w - 2. Determine v(-5).
-7
Suppose -4*c = m + 14, 13*m = 17*m - 3*c - 20. Let p(n) = 6*n - 3. Calculate p(m).
9
Let i(d) = -d - 12. Let t(v) = -v - 12. Let n(l) = -6*i(l) + 7*t(l). Let a(h) = -11*h - 138. Let s be a(-12). Give n(s).
-6
Let t(u) = -u**3 - 36*u**2 - 37*u - 65. Let b be t(-35). Let l(c) = c**3 - 4*c**2 + 3. Give l(b).
28
Let l(n) = -10 - 4*n + 9*n + 6*n + 1 - n**2 - 21*n. Give l(-